o - 9*o - 2*o. Is a(-9) composite?
False
Let f(k) = 4*k**3 - k**2 - 9*k - 5. Let z be 4/6 - (-115)/(-15). Let h be f(z). Let s = -446 - h. Is s a prime number?
False
Let b(s) be the third derivative of -19*s**4/24 - 25*s**3/6 - 19*s**2. Let q(m) = m**2 - 7*m - 8. Let f be q(7). Is b(f) composite?
False
Let p(m) be the third derivative of m**6/30 + m**5/60 + 5*m**4/6 + 2*m**3/3 - 23*m**2. Is p(5) prime?
False
Suppose 2*r + 6 = 4*r. Suppose -2*f + 5*b + 261 = 0, -5*f = -r*f + 5*b - 231. Is f a prime number?
False
Let m = 2 - 4. Let z(c) = -7*c**3 - c**2 - 4*c - 3. Let i be z(m). Suppose -92 = -u + i. Is u a composite number?
False
Suppose -2*f + s + 8 = -4*s, 5*f = -4*s + 86. Let j be 2 - (-15)/(-2)*-2. Suppose -g = -f - j. Is g composite?
False
Let y be 36/(-24) + (-7)/2. Let m(l) = -l**3 - 5*l**2 - 8*l - 6. Is m(y) prime?
False
Let c(n) = n**2 - 14. Suppose 2*d = 10, -4*w = d - 4*d - 21. Is c(w) prime?
True
Let j be 29/9 + (-14)/63. Suppose 0 = -3*m + j, 2*u + m + 3*m = 320. Is u composite?
True
Suppose -6*j = 2*q - 4*j - 21954, 2*q - 5*j = 21954. Is q a composite number?
True
Let i be 2*(-1 + (-9)/(-6)). Let w be -6 + 4 - (i - 4). Is 2 + (w - 6) - -12 a prime number?
False
Suppose 4*n = 47631 + 84757. Is n prime?
False
Suppose 0 = 3*t + 12*w - 8*w - 41491, -3*t - 3*w + 41490 = 0. Is t a composite number?
False
Let p(i) = -76*i**3 + 4*i**2 - 2*i - 21. Is p(-5) composite?
True
Suppose -3*f = -j - j - 22, 0 = 4*f + 3*j - 52. Suppose f*n - 5*n = 10. Is 397/5 - n/5 a prime number?
True
Suppose 3 = -3*z + 54. Suppose 3*b + 3*g + g - 13 = 0, -5*b + 3*g - z = 0. Let j(x) = 211*x**2 + x + 1. Is j(b) composite?
False
Let p be 12/9*(6 + -3). Suppose 0 = p*n - 0*n - 812. Is n prime?
False
Suppose d - 4509 = 328. Is d prime?
False
Let b be ((-14)/4)/7*-2. Suppose -w + 3 = b. Is 6/w - 5 - -87 a composite number?
True
Suppose 0 = 132*n - 127*n - 5215. Is n a composite number?
True
Let g(x) = 22*x**2 - 7*x + 10. Let d be g(-6). Let p(k) = k**3 + 7*k**2 + 5*k - 1. Let q be p(-6). Suppose q*r - r = d. Is r prime?
True
Let f(r) = 7*r**2 + 2*r + 1. Let s be f(-1). Let a(g) be the third derivative of g**5/30 - g**4/8 - g**3/6 + 3*g**2 - 4*g. Is a(s) prime?
True
Suppose 0 = -g + 6*g - 15. Let j = g - 2. Is j/(-2) - (-4473)/14 a prime number?
False
Let h = 46 - 29. Suppose -5*g = 4*x - 25 - h, 5*g = x + 2. Suppose 4*i - 101 = -q - x, 2*i - 358 = -4*q. Is q prime?
True
Let g = 34 - 35. Is 2/g + (1 + -2)*-1401 a prime number?
True
Let u = 283 - -1. Let s = u - 19. Is s prime?
False
Let l(a) = -a**2 + 16*a + 60. Let q be l(19). Suppose -f = 2*k - 950, 958 = -0*k + 2*k + q*f. Is k composite?
True
Suppose 33*d = 32*d + b + 1670, 6673 = 4*d + 3*b. Is d a composite number?
False
Let z(p) = -p + 7. Let c be z(7). Let o be (c - 246)*(-2)/3. Let b = o + -97. Is b a prime number?
True
Suppose -5*p = 3*f + 16, 4*f - 13 = 3*f + 2*p. Suppose 0 = l + 4*s - 175, 4*s + 9 = -f. Is l prime?
False
Suppose -13*l + 52627 = x - 10*l, 5*x = -l + 263135. Is x a composite number?
False
Suppose 988 = 5*x - 2302. Suppose -3*j = -5*n + x, -2*j + 520 = 4*n + 2*j. Is n a prime number?
True
Let q(c) = -c**3 - 3*c**2 - 4*c - 3. Let u be q(-3). Let m(g) = 1 - g**2 + u*g - 12*g + 6 + 2*g**3. Is m(5) a composite number?
True
Let h be (2 - (-10 + -2))*1. Suppose 4 - h = -d. Is ((-84)/(-6))/(4/d) a composite number?
True
Suppose -16*d = -14*d + 12. Is 2/4 - 8859/d a composite number?
True
Let j(h) = -h**2 + 15*h + 2. Let p be j(15). Suppose -n - 12 = -2*n - 5*q, -n = p*q - 27. Is n a composite number?
False
Let a(n) = n**3 + n**2 - 10*n - 7. Suppose -3*h - q + 5*q + 40 = 0, 4*q = 2*h - 32. Is a(h) a prime number?
False
Let t be ((-132)/9)/(2/(-72)). Suppose 3*f - z = 3562, -z - t = -f + 656. Is f a prime number?
False
Let g be (3 - (-3)/(-3)) + 2. Let j(l) = g*l - 3*l - 2 + 34 + 5. Is j(0) a composite number?
False
Let h be (-847)/3 + 8/24. Let g = h + 1059. Suppose -5*z + g = 4*s, 0 = s + 4 - 2. Is z prime?
True
Let b be (240/28)/((-6)/(-1323)). Suppose -5*c - 3*p = -2*c - b, c - 3*p = 626. Is c a prime number?
False
Let q(i) = 49*i**3 - 4*i**2 - 2*i + 9. Is q(2) a prime number?
False
Let a = 319 - -296. Is a/(-6)*-1*2 a prime number?
False
Suppose -17989 = -2*m + 5*s, 29*m - s = 30*m - 8998. Is m composite?
True
Let g(c) = -2*c + 13. Let h be g(6). Let l be (-2 - (-3)/h)*5. Suppose 0 = -l*f - 0*f + 295. Is f a composite number?
False
Let n(b) = -5*b**3 + 6*b**2 + 18*b + 31. Let w be n(15). Let u = w - -23281. Is u a prime number?
False
Suppose 2*n = 2*g - 904, 3*n + 2 = 2*g - 897. Let b = -572 - -1339. Suppose b = 5*a + 4*o, -3*a + 2*o = 6*o - g. Is a a prime number?
False
Let p(c) = c**2 + 3*c - 11. Let z be p(4). Let b(i) = 4*i**2 - 21*i + 30. Is b(z) a composite number?
False
Let f(i) = -230*i**3 + 2*i**2 + 3*i + 4. Let p be f(-2). Let t = -527 + p. Is t a composite number?
False
Suppose d - s = 6*d - 12, 3*d - 2 = 2*s. Let p(v) = 1 + v - 4*v**3 - 21*v**d + 17*v**2 + v. Is p(-5) a composite number?
True
Suppose 2*q = 1189 + 1937. Is q a composite number?
True
Suppose -2*f = 3*f. Suppose f = 2*l - 38 - 66. Suppose 4*b - l = 96. Is b composite?
False
Let h(l) be the third derivative of l**9/60480 + l**8/6720 - 13*l**6/720 - 7*l**5/60 - 11*l**2. Let m(d) be the third derivative of h(d). Is m(9) prime?
False
Is 2868/16*(-8)/(-6) composite?
False
Suppose 5*c - 10*c + 11155 = 0. Is c a composite number?
True
Let v(b) = 18660*b**3 - 3*b**2 + 8*b - 4. Is v(1) composite?
False
Let x be (3 - 0 - 2) + -1. Suppose x = 3*p - l - 4685, 4*p - 5*l = -p + 7815. Is p a composite number?
True
Let x be 8/((-48)/(-198))*(-112)/(-6). Let z = 783 + x. Is z a prime number?
True
Suppose 0 = -5*m + 3*m + 420. Let b = 320 - m. Let n = -76 + b. Is n a prime number?
False
Let o = -34303 - -107258. Is o a prime number?
False
Suppose -1 = -p + 4. Suppose -13 = -4*c - p. Suppose 0 = -c*j + 928 - 186. Is j a prime number?
False
Suppose -21 = y + 5*a, 2*y - 4*y + 3 = a. Suppose 0 = 2*f - y*f + 1346. Is f prime?
True
Suppose -n - 5*j + 70 + 31 = 0, -j = n - 121. Let w be 36 - -1*(-2 + 1). Let y = w + n. Is y prime?
False
Is -6 - (-3973 + 6 + (-6)/1) a prime number?
True
Let z be (-6)/18 - 38/(-6). Suppose -4*l + p - 5 = -z*l, -l - 5*p - 11 = 0. Suppose 4*c + l*g - 222 = 2*c, 0 = 3*g + 6. Is c composite?
True
Let g(b) = -28 - 67*b**2 + 4*b**3 + 55*b**2 - 3 + 5 + 16*b. Is g(8) a prime number?
False
Let b(j) = -j + 67. Let h(r) = -r**3 + r**2 - r. Let p be h(0). Is b(p) composite?
False
Let g be 2 - 4 - (-4 + 1). Suppose 0 = 4*x - 4*p + 3*p - 358, 5*x - 440 = 5*p. Let s = x - g. Is s a prime number?
True
Let f be 1/4 - (4 - 49564/16). Suppose -6*b + 404 = -f. Is b composite?
True
Let q = -8 + 13. Suppose -o + 251 = o - 5*n, -q*o = 4*n - 677. Suppose -o - 430 = -c. Is c prime?
True
Suppose 3*y - 1320 = 3*n, -15 = -42*n + 37*n. Is y a composite number?
False
Suppose 0 = -2*c + 58 - 12. Let s = 18 + -34. Let z = s + c. Is z prime?
True
Suppose -2*h + 42 = -2*n - 0*n, -2*h = -5*n - 54. Let v = -13 + h. Suppose 5*q - j = 1289, v*j - 208 = -4*q + 804. Is q prime?
True
Let d(f) = f + 1. Let s(j) = -3*j**2 - 11*j - 11. Let o(w) = -6*d(w) - s(w). Is o(9) a composite number?
False
Let o be 2/(0 + -1)*-5. Suppose -o*x + 7*x = -3. Is (-16 - x)/(7/(-49)) composite?
True
Let v be (-26)/24*-39*124. Let y = v + -3082. Is y composite?
True
Let w = 245 - 91. Suppose -5*t = c - 726, 0 = t + 2*c - 4*c - w. Is t prime?
False
Let s = 193 + -30. Suppose 4*r = -359 - 57. Let x = r + s. Is x composite?
False
Suppose 2*a + f - 38 = 0, -3*f - 66 = -2*a - 2*a. Let z = a - -15. Is z a composite number?
True
Let q = 15882 + -5069. Is q a composite number?
True
Let u be 2/6*(-14 - -5). Let f be 8/30*u*15. Is ((-213)/f)/(4/16) prime?
True
Let h(b) = -5*b**2 - b - 2. Let i be h(-5). Let l = i + 253. Suppose -2*x + 47 = -l. Is x prime?
True
Let k(b) = b**2 - 5*b - 7. Suppose -4*h = -3*h - 24. Let v = h + -12. Is k(v) a composite number?
True
Let y(i) = -26*i + 4. Let u be y(-3). Let v = 331 + -216. Let t = v - u. Is t prime?
False
Suppose -1970992 = -20*o + 355828. Is o a prime number?
True
Suppose 0 = 3*c + 21 - 36. Suppose -s = -5*d + 39, c*s + 3 = d - 0. Is (-1)/(2/d) - -149 a composite number?
True
Let w = 43 + -41. Suppose -1895 - 831 = -o + 3*l, -w*l = -5*o